inder when 510970 is divided by 84?
82
Calculate the remainder when 47013 is divided by 15666.
15
Calculate the remainder when 8325 is divided by 1662.
15
What is the remainder when 226687 is divided by 54?
49
Calculate the remainder when 3845 is divided by 2824.
1021
Calculate the remainder when 2423979 is divided by 418.
415
Calculate the remainder when 144666 is divided by 42.
18
What is the remainder when 157370 is divided by 18?
14
Calculate the remainder when 276716 is divided by 8.
4
What is the remainder when 13703 is divided by 1140?
23
What is the remainder when 181902 is divided by 10700?
2
What is the remainder when 29748 is divided by 13?
4
What is the remainder when 10884 is divided by 48?
36
Calculate the remainder when 18292 is divided by 220.
32
Calculate the remainder when 428893 is divided by 70.
3
Calculate the remainder when 3697 is divided by 78.
31
What is the remainder when 4111 is divided by 17?
14
What is the remainder when 2129036 is divided by 16?
12
Calculate the remainder when 45702 is divided by 9135.
27
Calculate the remainder when 29350 is divided by 233.
225
What is the remainder when 52270 is divided by 264?
262
What is the remainder when 975998 is divided by 8?
6
What is the remainder when 3643 is divided by 3100?
543
Calculate the remainder when 25339 is divided by 598.
223
Calculate the remainder when 18408 is divided by 485.
463
What is the remainder when 82571 is divided by 200?
171
What is the remainder when 101929 is divided by 50955?
19
What is the remainder when 7733780 is divided by 9?
8
Calculate the remainder when 61680 is divided by 20480.
240
Calculate the remainder when 107012 is divided by 26751.
8
What is the remainder when 63840 is divided by 31905?
30
What is the remainder when 37059 is divided by 54?
15
Calculate the remainder when 128707 is divided by 61.
58
What is the remainder when 289865 is divided by 144932?
1
Calculate the remainder when 678 is divided by 322.
34
Calculate the remainder when 60195 is divided by 404.
403
What is the remainder when 107808 is divided by 10?
8
Calculate the remainder when 1203 is divided by 173.
165
What is the remainder when 36200 is divided by 9048?
8
Calculate the remainder when 864 is divided by 186.
120
Calculate the remainder when 25156 is divided by 413.
376
What is the remainder when 61069 is divided by 20355?
4
What is the remainder when 1451 is divided by 473?
32
What is the remainder when 28594 is divided by 125?
94
Calculate the remainder when 23694 is divided by 13.
8
Calculate the remainder when 5451 is divided by 1053.
186
What is the remainder when 38265 is divided by 131?
13
What is the remainder when 4059 is divided by 1343?
30
What is the remainder when 4690 is divided by 4675?
15
What is the remainder when 6659 is divided by 155?
149
What is the remainder when 41704 is divided by 48?
40
What is the remainder when 45265 is divided by 22622?
21
Calculate the remainder when 16624 is divided by 1171.
230
What is the remainder when 30910 is divided by 13?
9
Calculate the remainder when 38636 is divided by 322.
318
Calculate the remainder when 13062 is divided by 64.
6
What is the remainder when 4189 is divided by 726?
559
What is the remainder when 8057 is divided by 60?
17
What is the remainder when 16384 is divided by 2338?
18
What is the remainder when 3778 is divided by 486?
376
Calculate the remainder when 5221 is divided by 35.
6
What is the remainder when 16672 is divided by 181?
20
What is the remainder when 535149 is divided by 59?
19
Calculate the remainder when 16369 is divided by 76.
29
Calculate the remainder when 61435 is divided by 68.
31
Calculate the remainder when 4208 is divided by 43.
37
Calculate the remainder when 6642 is divided by 34.
12
Calculate the remainder when 11693 is divided by 652.
609
Calculate the remainder when 21415 is divided by 7124.
43
Calculate the remainder when 258035 is divided by 513.
509
What is the remainder when 40485 is divided by 8091?
30
What is the remainder when 324516 is divided by 343?
38
Calculate the remainder when 33507 is divided by 6701.
2
Calculate the remainder when 8859 is divided by 14.
11
Calculate the remainder when 509 is divided by 106.
85
What is the remainder when 2256 is divided by 69?
48
What is the remainder when 855310 is divided by 412?
410
Calculate the remainder when 1949 is divided by 1387.
562
Calculate the remainder when 1464 is divided by 154.
78
What is the remainder when 393488 is divided by 93?
5
What is the remainder when 50783 is divided by 452?
159
Calculate the remainder when 14704 is divided by 663.
118
What is the remainder when 92656 is divided by 461?
456
What is the remainder when 111404 is divided by 26?
20
Calculate the remainder when 11875 is divided by 742.
3
What is the remainder when 1475 is divided by 464?
83
What is the remainder when 92098 is divided by 20?
18
What is the remainder when 385605 is divided by 161?
10
Calculate the remainder when 7958 is divided by 1428.
818
What is the remainder when 112793 is divided by 91?
44
What is the remainder when 13850 is divided by 47?
32
Calculate the remainder when 1850014 is divided by 1126.
1122
Calculate the remainder when 7687 is divided by 93.
61
Calculate the remainder when 13679 is divided by 2142.
827
What is the remainder when 2329 is divided by 1431?
898
What is the remainder when 1380 is divided by 1308?
72
Calculate the remainder when 53702 is divided by 300.
2
What is the remainder when 993573 is divided by 34?
25
Calculate the remainder when 19759 is divided by 122.
117
What is the remainder when 4163 is divided by 131?
102
Calculate the remainder when 71669 is divided by 23889.
2
Calculate the remainder when 32883 is divided by 58.
55
What is the remainder when 307401 is divided by 45?
6
What is the remainder when 7306 is divided by 429?
13
What is the remainder when 1009 is divided by 703?
306
Calculate the remainder when 7275 is divided by 34.
33
What is the remainder when 84671 is divided by 147?
146
Calculate the remainder when 3512 is divided by 1242.
1028
What is the remainder when 39606 is divided by 82?
0
Calculate the remainder when 1631 is divided by 1313.
318
What is the remainder when 6230 is divided by 31?
30
Calculate the remainder when 8376 is divided by 149.
32
What is the remainder when 138770 is divided by 145?
5
What is the remainder when 5365 is divided by 422?
301
Calculate the remainder when 1030996 is divided by 500.
496
What is the remainder when 6533 is divided by 2816?
901
Calculate the remainder when 19539 is divided by 237.
105
What is the remainder when 6589 is divided by 1096?
13
Calculate the remainder when 2467 is divided by 27.
10
Calculate the remainder when 31329 is divided by 15520.
289
Calculate the remainder when 9471912 is divided by 45.
42
Calculate the remainder when 5953 is divided by 15.
13
Calculate the remainder when 16298 is divided by 3974.
402
What is the remainder when 47625 is divided by 28?
25
Calculate the remainder when 1493 is divided by 306.
269
Calculate the remainder when 968070 is divided by 9980.
10
What is the remainder when 9401 is divided by 9269?
132
What is the remainder when 1628429 is divided by 321?
317
Calculate the remainder when 5434 is divided by 342.
304
What is the remainder when 358909 is divided by 211?
209
Calculate the remainder when 249 is divided by 55.
29
What is the remainder when 588113 is divided by 55?
53
Calculate the remainder when 2177 is divided by 166.
19
What is the remainder when 5030 is divided by 210?
200
What is the remainder when 3544 is divided by 9?
7
What is the remainder when 801467 is divided by 164?
163
Calculate the remainder when 4546 is divided by 597.
367
Calculate the remainder when 208855 is divided by 59.
54
Calculate the remainder when 118066 is divided by 167.
164
Calculate the remainder when 44744 is divided by 410.
54
What is the remainder when 51135 is divided by 193?
183
What is the remainder when 1166 is divided by 862?
304
What is the remainder when 59986 is divided by 2225?
2136
Calculate the remainder when 4734 is divided by 1322.
768
Calculate the remainder when 325615 is divided by 3786.
19
Calculate the remainder when 3024 is divided by 406.
182
What is the 